(j) = j**2 - 12*j + 23. Let a be v(10). Let s be (-569)/(-4) + (-4)/16. Suppose 176 = 5*l - 2*h, -a*l - l + 2*h = -s. What are the prime factors of l?
2, 17
Let k = 2741 - 1454. What are the prime factors of k?
3, 11, 13
Suppose d + 0*d - 119 = 2*x, 378 = 3*d + x. What are the prime factors of d?
5
Let d(y) = 54*y + 41. List the prime factors of d(9).
17, 31
Let r = 59 + 89. Suppose -u - r = -m, -4*u + 274 + 10 = 2*m. What are the prime factors of m?
2, 73
Suppose -3*r - 3*q = 27, -10 = -3*q + 5. List the prime factors of 5/35*2 - 304/r.
2, 11
Suppose 0 = 3*f + 2*q - 2, -4*f + 3*q - 5*q = 0. List the prime factors of 13*(-15)/f*4/3.
2, 5, 13
Let t = -31 + 41. Suppose t*u - 341 = -u. List the prime factors of u.
31
Suppose -2*o + 5*o = 0. Let p be 172*(o/3 - -1). Suppose 3*g = 7*g - p. What are the prime factors of g?
43
Suppose 3*h - 6 = -0. Suppose 279 = h*w + w. What are the prime factors of w?
3, 31
What are the prime factors of ((-12)/(-8))/(4*6/6272)?
2, 7
Let v(o) = -2*o**3 - 8*o**2 + 27. List the prime factors of v(-6).
3, 19
Let p(n) = n - 9. Let b = -10 + 17. Let l be p(b). What are the prime factors of (-2 + l - -64) + 4?
2
Let w be 4 + ((-284)/13 - (-24)/(-156)). Let h(i) = -i**2 - 17*i + 24. List the prime factors of h(w).
2, 3
Suppose -2*v + 985 = 4*d - 9*d, 0 = -v - 3*d + 476. List the prime factors of v.
5, 97
Let k(h) = 6*h**2 - 9*h + 64. List the prime factors of k(10).
2, 7, 41
What are the prime factors of (-2 - (2 + 958/(-6)))*6?
2, 467
Suppose 175393 = 94*h - 17025. What are the prime factors of h?
23, 89
Suppose 2*s - 3955 = 5*y, 0 = -2*s - 8*y + 11*y + 3945. List the prime factors of s.
3, 5, 131
Suppose -2*a - 280 = -6*a. Let o = 172 - a. What are the prime factors of o?
2, 3, 17
Let i = -193 + 118. Suppose 0 = 37*j - 33*j - 576. Let u = j + i. List the prime factors of u.
3, 23
Suppose -2*i = -4*j + 346, -4*j - 4*i = -525 + 209. Suppose -j*f + 82*f = -452. List the prime factors of f.
2, 113
Let t = 18 + -12. Let p(x) = x**2 - 7*x - 7. Let s be p(t). Let b = s + 25. List the prime factors of b.
2, 3
Let a(n) = 60*n**2 + 39*n - 13. List the prime factors of a(5).
2, 29
Suppose -534 + 1800 = 6*w. List the prime factors of w.
211
Let d(g) = g**3 - 2*g**2 - g - 3. Let a(u) = -3*u**3 - u - 1. Let c be (-3)/(-6) - (-3)/(-2). Let v be a(c). List the prime factors of d(v).
3
Suppose 9*a + 6 = 12*a. Suppose 5*i = -u + 321, 5*i - a*u - 329 = -u. List the prime factors of i.
5, 13
List the prime factors of (((-45)/(-12))/1)/((-4)/(-256)).
2, 3, 5
What are the prime factors of ((-49602)/(-39) - -3) + (-18)/(-117)?
3, 5, 17
Let l = 10940 - 5957. List the prime factors of l.
3, 11, 151
Let p be (-852)/(-18)*(-3)/2. Let v = 125 + p. List the prime factors of v.
2, 3
Let t = 8 + 4. Suppose o - 5*o = -t. What are the prime factors of o/(1*2/2)?
3
Suppose 9 = i + 2*y, -5*i + 2*y = 3*y - 18. Suppose i*q - 121 = 113. What are the prime factors of q?
2, 3, 13
Let i = -542 + 1347. List the prime factors of i.
5, 7, 23
What are the prime factors of 2*(-12 + 262) + 3 + 3?
2, 11, 23
Let p be (-11)/(-33) + (-22)/(-6). Let h be p - 1 - 12/(-4). What are the prime factors of (4/h)/((-6)/(-189))?
3, 7
Let n(w) be the second derivative of 107*w**3/3 + 5*w**2/2 - 14*w. List the prime factors of n(1).
3, 73
Let x be (-4)/12 + 13562/6. Suppose 27*d + x = 37*d. What are the prime factors of d?
2, 113
Let d(y) = -y**3 - 7*y**2 - 8*y - 8. Let r be d(-6). Suppose -7*h = -3*h + 20, -r*x + 4*h = -132. List the prime factors of x.
2, 7
Suppose -31 = -2*x - 9. List the prime factors of -1*x/(2 - 3).
11
Suppose 0 = 17*k - 13*k - 444. Suppose -2*h = g - 37, 2*g - k = -g + 2*h. List the prime factors of g.
37
Let m = 2451 - 1517. List the prime factors of m.
2, 467
Suppose -2*g = o - 6392, 5*g - 2*o - 15992 = -12. List the prime factors of g.
2, 17, 47
Let i be (-4)/26 + 2016/(-416). What are the prime factors of -5*i/((-150)/(-696))?
2, 29
Let t = 118 - -62. What are the prime factors of t?
2, 3, 5
Let w be 0 + (-2 - 0) + -6. Suppose 67 = 3*p - 5. List the prime factors of (-6)/p - 178/w.
2, 11
Suppose -h = -3*h - 26. Let v = h + 21. Suppose v*i = 4*i + 204. What are the prime factors of i?
3, 17
List the prime factors of 2/8 - (-22015)/68.
2, 3
Suppose 0 = -6*w + 306 + 1698. Let g = -231 + w. List the prime factors of g.
103
Let j(b) = -b**2 - 53*b + 30. List the prime factors of j(-23).
2, 3, 5
Let h(g) = -2*g + 2 - 3*g - g. List the prime factors of h(-1).
2
Suppose 4*q = -0*q + 36. Let r = q - 3. Suppose -r*o - 22 = -7*o. List the prime factors of o.
2, 11
Suppose -1 = -3*h - 3*y + 5, 3*y + 4 = -h. Suppose h*o - 708 = -198. What are the prime factors of o?
2, 3, 17
Let l = 5737 + -3314. List the prime factors of l.
2423
Let j(u) = u**2 + 9*u - 14. Let w be j(-11). Suppose 0 = q - 0*y + y + 5, y + w = -2*q. List the prime factors of 5*-4*q/12.
5
Let y be ((-6)/(-15))/(4/20). Suppose 0 = -3*x + y*w - 3*w - 7, -3*w - 7 = 2*x. What are the prime factors of 49/2 + (-3)/x?
2, 13
Let h = 52 + -48. Suppose -h*w = 5*g + 30 - 655, 5*w - 803 = g. What are the prime factors of w?
2, 5
Suppose -2*j + 184 = -26. Suppose -4 = -13*g + 11*g. Suppose 7*n - j = g*n. List the prime factors of n.
3, 7
Let m(s) = s**2 + 4*s - 3. Let a be m(-7). Let h = a - 9. Suppose h*y - 6*y - 21 = 0. What are the prime factors of y?
7
What are the prime factors of 16394/20 + (-261)/(-870)?
2, 5, 41
Suppose 4*a = -y + 1685, 1356 = 4*a + 3*y - 331. What are the prime factors of a?
421
Let q = 5083 - 3053. What are the prime factors of q?
2, 5, 7, 29
Let t(n) = -n**3 - 5*n**2 + 2*n + 6. Let g be t(-5). What are the prime factors of (-360)/(-14) - g/14?
2, 13
Let w(o) = -15*o**2 - 16*o - 2. Let p(h) = -7*h**2 - 8*h - 1. Let k(l) = 7*p(l) - 3*w(l). Let u be k(-7). What are the prime factors of (-1)/(3/u) - 4?
43
Let b = 4653 - 1787. List the prime factors of b.
2, 1433
Let w(c) = -c**2 + 16*c - 19. Let j(v) = 6*v - 7. Let l be j(4). Let m = -4 + l. List the prime factors of w(m).
2, 5
Suppose f = -2*n + 2968 - 418, -5*n + 2*f + 6384 = 0. What are the prime factors of n?
2, 11, 29
List the prime factors of 3 + -5 - (5 + -1482)/1.
5, 59
Let m(l) = 200*l**2 + 4*l + 27. What are the prime factors of m(-4)?
13, 19
Let a(h) = 31*h + 492. What are the prime factors of a(-8)?
2, 61
What are the prime factors of (6/10 - (-4)/10)*2056?
2, 257
Suppose 5*p - 326 = 999. What are the prime factors of p?
5, 53
Suppose i = -0 + 2, 10 = n + 2*i. Suppose 0 = -7*g + 5*g + n. Let t(a) = 6*a + 1. List the prime factors of t(g).
19
List the prime factors of 66/(-176) - (-29155)/8.
2, 911
Suppose 5*g + 30 - 5 = 0. Let b = 11 + g. Suppose -12*f = -b*f - 138. What are the prime factors of f?
23
Suppose 0*g + g = 123. Suppose 0 = 3*h + l - g, -5*l + 3*l + 6 = 0. List the prime factors of h.
2, 5
Suppose -6*j = -14*j + 6672. List the prime factors of j.
2, 3, 139
Let y be 0 - (-9 + (-3)/1). Let o be (42/(-4))/((-9)/y). Suppose -2*z + 61 = 5*i, z - 2*i - 21 = o. What are the prime factors of z?
3, 11
Let n(r) = 31*r + 10. Let a be n(-10). Let z = -175 - a. What are the prime factors of z?
5
Let u be 5/(-15)*30/(-2). Suppose 5*g + 5 = u*z, z + 3*g - 21 = -4*z. What are the prime factors of 3*2/z + 4?
2, 3
Suppose -2*o = -2 + 8. Let y = -1 - o. Suppose c - y*z = -2 + 9, -17 = -3*c + 2*z. What are the prime factors of c?
5
Let m = 122 - 131. Let o = m - -170. List the prime factors of o.
7, 23
What are the prime factors of (1 - 5069)*95/(-380)?
7, 181
What are the prime factors of (9/(-2))/(2/(-136))?
2, 3, 17
Let v(d) = 15*d**2 + 3*d - 23. Let c be v(4). Let m = -109 + c. List the prime factors of m.
2, 3, 5
Let h = -50 + 35. What are the prime factors of 8/60 - 1093/h?
73
Let i(k) = -7*k**3 - 2*k**2 + 2*k + 3. Let u be i(-1). Let q(p) = p**3 - 3*p**2 - 7*p + 21. What are the prime factors of q(u)?
3, 29
Let p(s) be the third derivative of -17*s**4/12 + s**3/6 + 2*s**2 - 9*s. Suppose -2*i = 2*l + 6 + 6, -3*i = 4*l + 23. What are the prime factors of p(i)?
5, 7
Let y(a) = -36*a**2 - 7. Let s(l) = -35*l**2 - 6. Let h(k) = -7*s(k) + 6*y(k). Let c be (-2)/3 + (-1)/3. What are the prime factors of h(c)?
29
List the prime factors of -3*27*(-5 - -4).
3
Let x = -40 + 24. Let d be x/(-6)*9/(-6). What are the prime factors of (-146